{"id":65,"date":"2023-02-11T19:04:49","date_gmt":"2023-02-11T18:04:49","guid":{"rendered":"http:\/\/zygzakminsk.pl\/?page_id=65"},"modified":"2025-12-25T20:47:43","modified_gmt":"2025-12-25T19:47:43","slug":"centrum-zygzak-minsk-mazowiecki","status":"publish","type":"page","link":"https:\/\/zygzakminsk.pl\/","title":{"rendered":"Centrum Diagnozy i Terapii Zygzak"},"content":{"rendered":"<h2 style=\"text-align: center;\"><strong><em>Centrum Diagnozy i Terapii<\/em><em> ZYGZAK\u00a0<\/em><\/strong><\/h2>\n<h2 style=\"text-align: center;\">jest miejscem skupiaj\u0105cym profesjonalnych terapeut\u00f3w i diagnost\u00f3w.<\/h2>\n<h2><\/h2>\n<h2 style=\"text-align: center;\" data-reactid=\"278\"><img loading=\"lazy\" decoding=\"async\" class=\"alignnone size-thumbnail wp-image-164\" src=\"https:\/\/zygzakminsk.pl\/wp-content\/uploads\/2025\/12\/600341042_3738833159584697_4159172027579824740_n-150x150.jpg\" alt=\"\" width=\"150\" height=\"150\" \/><\/h2>\n<h2 class=\"index__title___2usEm\" style=\"text-align: center;\" data-reactid=\"278\"><span style=\"font-size: 24pt;\"><strong>Twoje wewn\u0119trzne \u015bwiat\u0142o<\/strong><\/span><\/h2>\n<p><span style=\"font-family: 'arial black', 'avant garde';\">to przewodnik, kt\u00f3ry pomaga wr\u00f3ci\u0107 do siebie: do odwagi, intuicji i prawdy zapisanej w ciele. To ksi\u0105\u017cka pe\u0142na refleksji, \u0107wicze\u0144 i afirmacji, kt\u00f3re otwieraj\u0105 serce, wyciszaj\u0105 umys\u0142 i przypominaj\u0105, kim naprawd\u0119 jeste\u015b. To podr\u00f3\u017c w g\u0142\u0105b w\u0142asnego \u015bwiat\u0142a \u2014 krok po kroku, z uwa\u017cno\u015bci\u0105 i moc\u0105.<\/span><\/p>\n<blockquote class=\"wp-embedded-content\" data-secret=\"5aZLS6x61U\"><p><a href=\"https:\/\/sensopakiet.pl\/sklep\/beata-l-wasilewicz-twoje-wewnetrzne-swiatlo\/\">Twoje Wewn\u0119trzne \u015awiat\u0142o<\/a><\/p><\/blockquote>\n<p><iframe loading=\"lazy\" class=\"wp-embedded-content\" sandbox=\"allow-scripts\" security=\"restricted\" style=\"position: absolute; visibility: hidden;\" title=\"&#8222;Twoje Wewn\u0119trzne \u015awiat\u0142o&#8221; &#8212; SensoPakiet\" src=\"https:\/\/sensopakiet.pl\/sklep\/beata-l-wasilewicz-twoje-wewnetrzne-swiatlo\/embed\/#?secret=CZUiTBORf1#?secret=5aZLS6x61U\" data-secret=\"5aZLS6x61U\" width=\"600\" height=\"338\" frameborder=\"0\" marginwidth=\"0\" marginheight=\"0\" scrolling=\"no\"><\/iframe><\/p>\n<p id=\"tocForcedId0\" class=\"H2\" style=\"text-align: center;\"><strong><span style=\"font-size: 18pt;\">Wst\u0119p<\/span><\/strong><\/p>\n<p class=\"Main\">Ka\u017cdy z\u00a0nas przyszed\u0142 na\u00a0ten \u015bwiat z\u00a0iskr\u0105 \u015bwiat\u0142a w\u00a0duszy. Z\u00a0pragnieniem, by\u00a0do\u015bwiadcza\u0107 \u017cycia w\u00a0pe\u0142ni\u00a0\u2014 z\u00a0rado\u015bci\u0105, spokojem i\u00a0mi\u0142o\u015bci\u0105. Nie\u00a0po\u00a0to, by\u00a0walczy\u0107 czy\u00a0przetrwa\u0107, lecz by\u00a0\u017cy\u0107 naprawd\u0119.<\/p>\n<p class=\"Main\">Twoje serce pami\u0119ta, kim jeste\u015b. Pami\u0119ta wszystkie chwile, w\u00a0kt\u00f3rych \u015bmia\u0142a\u015b\u00a0si\u0119 z\u00a0ca\u0142ego serca, ufa\u0142a\u015b \u015bwiatu i\u00a0czu\u0142a\u015b, \u017ce\u00a0\u017cycie jest dobre. To\u00a0\u015bwiat\u0142o wci\u0105\u017c w\u00a0Tobie jest\u00a0\u2014 czeka, a\u017c\u00a0zn\u00f3w pozwolisz mu \u015bwieci\u0107.<\/p>\n<p class=\"Main\">Ta ksi\u0105\u017cka powsta\u0142a po\u00a0to, aby\u00a0Ci o\u00a0tym przypomnie\u0107. Nie\u00a0jest zbiorem zasad ani\u00a0gotowych odpowiedzi. Jest przewodnikiem\u00a0\u2014 czu\u0142ym i\u00a0\u017cyczliwym\u00a0\u2014 kt\u00f3ry zaprasza Ci\u0119 do\u00a0spotkania z\u00a0sam\u0105 sob\u0105. Do\u00a0odkrywania tego, co\u00a0w\u00a0Tobie pi\u0119kne, spokojne i\u00a0prawdziwe.<\/p>\n<p class=\"Main\"><span class=\"Bold\">Dlatego czytaj\u0105c j\u0105 zadbaj o\u00a0atmosfer\u0119.<\/span><\/p>\n<p class=\"Main\">Zapal swoj\u0105 ulubion\u0105 \u015bwiec\u0119, kadzid\u0142o lub\u00a0sza\u0142wi\u0119. Mo\u017cesz pu\u015bci\u0107 delikatn\u0105 muzyk\u0119, kt\u00f3ra koi Twoje wn\u0119trze. Niech to\u00a0b\u0119dzie moment tylko dla\u00a0ciebie\u00a0\u2014 bez\u00a0telefonu, bez\u00a0po\u015bpiechu, bez\u00a0rozpraszaczy. Niech to\u00a0b\u0119dzie czas, gdzie spotykasz\u00a0si\u0119 z\u00a0najlepszym przyjacielem. Sob\u0105.<\/p>\n<p class=\"Main\"><span class=\"Bold\">Czytaj sercem, nie\u00a0oczami.<\/span><\/p>\n<p class=\"Main\">Nie\u00a0spiesz\u00a0si\u0119. Zatrzymuj\u00a0si\u0119 przy\u00a0zdaniach, kt\u00f3re ci\u0119 poruszaj\u0105. Oddychaj g\u0142\u0119boko, kiedy poczujesz, \u017ce\u00a0co\u015b dotkn\u0119\u0142o twojej duszy. Je\u017celi jest to\u00a0trudne spr\u00f3buj poczu\u0107 w\u00a0ciele to\u00a0co\u00a0p\u0142ynie.<\/p>\n<p class=\"Main\"><span class=\"Bold\">Pozw\u00f3l jej\u00a0\u017cy\u0107.<\/span><\/p>\n<p class=\"Main\">Nie\u00a0traktuj ksi\u0105\u017cki jak\u00a0\u015bwi\u0119tego przedmiotu, kt\u00f3rego nie\u00a0mo\u017cna dotkn\u0105\u0107. Kre\u015bl i\u00a0zakre\u015blaj, pozw\u00f3l, by\u00a0marginesy sta\u0142y\u00a0si\u0119 przestrzeni\u0105 Twoich my\u015bli. Dodawaj kolory, symbole, serca, strza\u0142ki. Niech ksi\u0105\u017cka oddycha razem z\u00a0Tob\u0105 i\u00a0nosi \u015blady twojej drogi. Uwielbiam mazanie po\u00a0ksi\u0105\u017ckach. dzi\u0119ki temu wiem, \u017ce\u00a0nosz\u0105 moje \u015blady. \u0141atwiej jest mi wraca\u0107 te\u017c\u00a0do\u00a0fragment\u00f3w, kt\u00f3re zapisuje lub\u00a0zakre\u015blam.<\/p>\n<p class=\"Main\"><span class=\"Bold\">Tw\u00f3rz w\u0142asny dialog.<\/span><\/p>\n<p class=\"Main\">To, co\u00a0czytasz, to\u00a0jedno. To, co\u00a0w\u00a0tobie\u00a0si\u0119 rodzi\u00a0\u2014 to\u00a0drugie. Zapisuj pytania, odpowiedzi, kt\u00f3re pojawi\u0105\u00a0si\u0119 w\u00a0trakcie. Ta ksi\u0105\u017cka jest lustrem. Odbije to, co\u00a0chcesz w\u00a0sobie zobaczy\u0107.<\/p>\n<p class=\"Main\"><span class=\"Bold\">Wracaj kiedy chcesz.<\/span><\/p>\n<p class=\"Main\">Nie\u00a0musisz czyta\u0107 jej linearnie, od\u00a0pocz\u0105tku do\u00a0ko\u0144ca. Mo\u017cesz otworzy\u0107 na\u00a0losowej stronie i\u00a0zobaczy\u0107, jaki przekaz przychodzi do\u00a0ciebie dzisiaj.<\/p>\n<p class=\"Main\"><strong><span class=\"Bold\">Jaki jest cel ksi\u0105\u017cki?<\/span><\/strong><\/p>\n<p class=\"Main\">Ta ksi\u0105\u017cka powsta\u0142a po\u00a0to, aby\u00a0aktywowa\u0107 w\u00a0ludziach pami\u0119\u0107 ich wewn\u0119trznego \u015bwiat\u0142a. Jej g\u0142\u00f3wnym celem jest\u00a0<span class=\"Bold\">zmiana kodu DNA na\u00a0poziomie energetycznym<\/span>\u00a0\u2014 czyli uwolnienie zapis\u00f3w b\u00f3lu, ogranicze\u0144 i\u00a0starych program\u00f3w oraz zast\u0105pienie ich wzorcami sp\u00f3jno\u015bci, rado\u015bci i\u00a0zdrowia. Poprzez historie, obrazy, \u0107wiczenia i\u00a0s\u0142owa nasycone okre\u015blon\u0105 cz\u0119stotliwo\u015bci\u0105, ksi\u0105\u017cka ma dzia\u0142a\u0107 jak\u00a0inicjacja: otwieraj\u0105c serce, synchronizuj\u0105c umys\u0142 i\u00a0cia\u0142o, a\u00a0tym samym budz\u0105c w\u00a0Tobie Tw\u00f3j naturalny potencja\u0142 samouzdrawiania i\u00a0tworzenia nowej jako\u015bci \u017cycia. Pomy\u015blisz \u017ce\u00a0to\u00a0szalone. Oczywi\u015bcie, ze\u00a0tak. Ale\u00a0\u017cycie bez\u00a0odrobiny szale\u0144stwa jest nudne.<\/p>\n<h2><\/h2>\n<h2 style=\"text-align: center;\">SAS<\/h2>\n<h4 style=\"text-align: center;\">Neuroakustyczny Trening M\u00f3zgu<\/h4>\n<h4 style=\"text-align: center;\">Samostymuluj\u0105cy trening s\u0142uchowy<\/h4>\n<p><img loading=\"lazy\" decoding=\"async\" class=\"wp-image-156 aligncenter\" src=\"https:\/\/zygzakminsk.pl\/wp-content\/uploads\/2024\/05\/1-150x150.png\" alt=\"Neuroakustyczny Trening M\u00f3\u017cgu SAS - samostymuluj\u0105cy trening s\u0142uchowy \" width=\"239\" height=\"239\" srcset=\"https:\/\/zygzakminsk.pl\/wp-content\/uploads\/2024\/05\/1-150x150.png 150w, https:\/\/zygzakminsk.pl\/wp-content\/uploads\/2024\/05\/1-300x300.png 300w, https:\/\/zygzakminsk.pl\/wp-content\/uploads\/2024\/05\/1-1024x1024.png 1024w, https:\/\/zygzakminsk.pl\/wp-content\/uploads\/2024\/05\/1-768x768.png 768w, https:\/\/zygzakminsk.pl\/wp-content\/uploads\/2024\/05\/1.png 1500w\" sizes=\"auto, (max-width: 239px) 100vw, 239px\" \/><\/p>\n<p>Pierwszy w Polsce trening samostymuluj\u0105cy wy\u017csze funkcje s\u0142uchowe dla dzieci z zaburzeniami przetwarzania s\u0142uchowego prowadzony w ca\u0142o\u015bci on-line.<\/p>\n<p>Problem dziecka z APD (Centralne Zaburzenie Przetwarzania S\u0142uchowego) polega na tym, \u017ce:<\/p>\n<ul>\n<li>\u0142atwo si\u0119 m\u0119czy podczas wykonywania czynno\u015bci wymagaj\u0105cych koncentracji na bod\u017acach s\u0142uchowych,<\/li>\n<li>ma k\u0142opot z utrzymaniem uwagi,<\/li>\n<li>nie potrafi zablokowa\u0107 dost\u0119pu do bod\u017ac\u00f3w nieistotnych i niechcianych, co powoduje w efekcie, \u017ce wszystko go rozprasza.<\/li>\n<\/ul>\n<p>Trening SAS to innowacyjna metoda, stworzona by aktywowa\u0107 po\u0142\u0105czenia neuronalne i poprawia\u0107 synchronizacj\u0119 pomi\u0119dzy obiema p\u00f3\u0142kulami m\u00f3zgu.<\/p>\n<p>Trening SAS wp\u0142ywa na przetwarzanie s\u0142uchowe poprzez muzyk\u0119 i mow\u0119, celowo przygotowan\u0105 i dobran\u0105 do indywidualnych potrzeb klienta.<\/p>\n<p>S\u0142uchaj\u0105c spersonalizowanych program\u00f3w, codziennie przez kilka tygodni, m\u00f3zg jest w stanie wy\u0107wiczy\u0107 nowe, trwa\u0142e nawyki zwi\u0105zane z przetwarzaniem informacji.<\/p>\n<h3 style=\"text-align: center;\">Zmieniaj\u0105c umys\u0142, zmieniasz swoje \u017cycie.<\/h3>\n<p><img loading=\"lazy\" decoding=\"async\" class=\" wp-image-158 aligncenter\" src=\"https:\/\/zygzakminsk.pl\/wp-content\/uploads\/2024\/05\/sas_boost_p-150x150.png\" alt=\"\" width=\"186\" height=\"186\" srcset=\"https:\/\/zygzakminsk.pl\/wp-content\/uploads\/2024\/05\/sas_boost_p-150x150.png 150w, https:\/\/zygzakminsk.pl\/wp-content\/uploads\/2024\/05\/sas_boost_p-300x300.png 300w, https:\/\/zygzakminsk.pl\/wp-content\/uploads\/2024\/05\/sas_boost_p-1024x1024.png 1024w, https:\/\/zygzakminsk.pl\/wp-content\/uploads\/2024\/05\/sas_boost_p-768x768.png 768w, https:\/\/zygzakminsk.pl\/wp-content\/uploads\/2024\/05\/sas_boost_p.png 1080w\" sizes=\"auto, (max-width: 186px) 100vw, 186px\" \/><\/p>\n<p>&nbsp;<\/p>\n<p style=\"text-align: center;\"><strong>Opinie klient\u00f3w Centrum Zygzak<\/strong><\/p>\n<p><a href=\"https:\/\/www.facebook.com\/CTDZygzak\/reviews\"><img loading=\"lazy\" decoding=\"async\" class=\"alignnone wp-image-110\" src=\"http:\/\/zygzakminsk.pl\/wp-content\/uploads\/2023\/02\/Obraz1-300x109.png\" alt=\"\" width=\"501\" height=\"182\" srcset=\"https:\/\/zygzakminsk.pl\/wp-content\/uploads\/2023\/02\/Obraz1-300x109.png 300w, https:\/\/zygzakminsk.pl\/wp-content\/uploads\/2023\/02\/Obraz1.png 605w\" sizes=\"auto, (max-width: 501px) 100vw, 501px\" \/><\/a><\/p>\n<p><a href=\"https:\/\/www.facebook.com\/CTDZygzak\/reviews\"><img loading=\"lazy\" decoding=\"async\" class=\"alignnone wp-image-113\" src=\"http:\/\/zygzakminsk.pl\/wp-content\/uploads\/2023\/02\/Obraz4-300x173.png\" alt=\"\" width=\"498\" height=\"287\" srcset=\"https:\/\/zygzakminsk.pl\/wp-content\/uploads\/2023\/02\/Obraz4-300x173.png 300w, https:\/\/zygzakminsk.pl\/wp-content\/uploads\/2023\/02\/Obraz4.png 605w\" sizes=\"auto, (max-width: 498px) 100vw, 498px\" \/><\/a><\/p>\n<p><a href=\"https:\/\/www.facebook.com\/CTDZygzak\/reviews\"><img loading=\"lazy\" decoding=\"async\" class=\"alignnone wp-image-112\" src=\"http:\/\/zygzakminsk.pl\/wp-content\/uploads\/2023\/02\/Obraz3-300x106.png\" alt=\"\" width=\"496\" height=\"175\" srcset=\"https:\/\/zygzakminsk.pl\/wp-content\/uploads\/2023\/02\/Obraz3-300x106.png 300w, https:\/\/zygzakminsk.pl\/wp-content\/uploads\/2023\/02\/Obraz3.png 605w\" sizes=\"auto, (max-width: 496px) 100vw, 496px\" \/><\/a><\/p>\n<p><a href=\"https:\/\/www.facebook.com\/CTDZygzak\/reviews\"><img loading=\"lazy\" decoding=\"async\" class=\"alignnone wp-image-111\" src=\"http:\/\/zygzakminsk.pl\/wp-content\/uploads\/2023\/02\/Obraz2-300x128.png\" alt=\"\" width=\"497\" height=\"212\" srcset=\"https:\/\/zygzakminsk.pl\/wp-content\/uploads\/2023\/02\/Obraz2-300x128.png 300w, https:\/\/zygzakminsk.pl\/wp-content\/uploads\/2023\/02\/Obraz2.png 605w\" sizes=\"auto, (max-width: 497px) 100vw, 497px\" \/><\/a><\/p>\n","protected":false},"excerpt":{"rendered":"<p>Centrum Diagnozy i Terapii ZYGZAK\u00a0 jest miejscem skupiaj\u0105cym profesjonalnych terapeut\u00f3w i diagnost\u00f3w. Twoje wewn\u0119trzne \u015bwiat\u0142o [&hellip;]<\/p>\n","protected":false},"author":1,"featured_media":0,"parent":0,"menu_order":0,"comment_status":"closed","ping_status":"closed","template":"","meta":{"footnotes":""},"class_list":["post-65","page","type-page","status-publish","hentry"],"yoast_head":"<!-- This site is optimized with the Yoast SEO plugin v22.8 - https:\/\/yoast.com\/wordpress\/plugins\/seo\/ -->\n<title>Centrum Diagnozy i Terapii Zygzak - www.zygzakminsk.pl<\/title>\n<meta name=\"description\" content=\"Centrum Diagnozy i Terapii Zygzak Mi\u0144sk Mazowiecki, Beata Wasilewicz\" \/>\n<meta name=\"robots\" content=\"index, follow, max-snippet:-1, max-image-preview:large, max-video-preview:-1\" \/>\n<link rel=\"canonical\" href=\"https:\/\/zygzakminsk.pl\/\" \/>\n<meta property=\"og:locale\" content=\"pl_PL\" \/>\n<meta property=\"og:type\" content=\"article\" \/>\n<meta property=\"og:title\" content=\"Centrum Diagnozy i Terapii Zygzak - www.zygzakminsk.pl\" \/>\n<meta property=\"og:description\" content=\"Centrum Diagnozy i Terapii Zygzak Mi\u0144sk Mazowiecki, Beata Wasilewicz\" \/>\n<meta property=\"og:url\" content=\"https:\/\/zygzakminsk.pl\/\" \/>\n<meta property=\"og:site_name\" content=\"www.zygzakminsk.pl\" \/>\n<meta property=\"article:publisher\" content=\"https:\/\/www.facebook.com\/CTDZygzak\" \/>\n<meta property=\"article:modified_time\" content=\"2025-12-25T19:47:43+00:00\" \/>\n<meta property=\"og:image\" content=\"https:\/\/zygzakminsk.pl\/wp-content\/uploads\/2025\/12\/600341042_3738833159584697_4159172027579824740_n-150x150.jpg\" \/>\n<meta name=\"twitter:card\" content=\"summary_large_image\" \/>\n<meta name=\"twitter:label1\" content=\"Szacowany czas czytania\" \/>\n\t<meta name=\"twitter:data1\" content=\"6 minut\" \/>\n<script type=\"application\/ld+json\" class=\"yoast-schema-graph\">{\"@context\":\"https:\/\/schema.org\",\"@graph\":[{\"@type\":\"WebPage\",\"@id\":\"https:\/\/zygzakminsk.pl\/\",\"url\":\"https:\/\/zygzakminsk.pl\/\",\"name\":\"Centrum Diagnozy i Terapii Zygzak - www.zygzakminsk.pl\",\"isPartOf\":{\"@id\":\"https:\/\/zygzakminsk.pl\/#website\"},\"primaryImageOfPage\":{\"@id\":\"https:\/\/zygzakminsk.pl\/#primaryimage\"},\"image\":{\"@id\":\"https:\/\/zygzakminsk.pl\/#primaryimage\"},\"thumbnailUrl\":\"https:\/\/zygzakminsk.pl\/wp-content\/uploads\/2025\/12\/600341042_3738833159584697_4159172027579824740_n-150x150.jpg\",\"datePublished\":\"2023-02-11T18:04:49+00:00\",\"dateModified\":\"2025-12-25T19:47:43+00:00\",\"description\":\"Centrum Diagnozy i Terapii Zygzak Mi\u0144sk Mazowiecki, Beata Wasilewicz\",\"breadcrumb\":{\"@id\":\"https:\/\/zygzakminsk.pl\/#breadcrumb\"},\"inLanguage\":\"pl-PL\",\"potentialAction\":[{\"@type\":\"ReadAction\",\"target\":[\"https:\/\/zygzakminsk.pl\/\"]}]},{\"@type\":\"ImageObject\",\"inLanguage\":\"pl-PL\",\"@id\":\"https:\/\/zygzakminsk.pl\/#primaryimage\",\"url\":\"https:\/\/zygzakminsk.pl\/wp-content\/uploads\/2025\/12\/600341042_3738833159584697_4159172027579824740_n.jpg\",\"contentUrl\":\"https:\/\/zygzakminsk.pl\/wp-content\/uploads\/2025\/12\/600341042_3738833159584697_4159172027579824740_n.jpg\",\"width\":975,\"height\":1320},{\"@type\":\"BreadcrumbList\",\"@id\":\"https:\/\/zygzakminsk.pl\/#breadcrumb\",\"itemListElement\":[{\"@type\":\"ListItem\",\"position\":1,\"name\":\"Strona g\u0142\u00f3wna\",\"item\":\"https:\/\/zygzakminsk.pl\/\"},{\"@type\":\"ListItem\",\"position\":2,\"name\":\"Centrum Diagnozy i Terapii Zygzak\"}]},{\"@type\":\"WebSite\",\"@id\":\"https:\/\/zygzakminsk.pl\/#website\",\"url\":\"https:\/\/zygzakminsk.pl\/\",\"name\":\"www.zygzakminsk.pl\",\"description\":\"Centrum Diagnozy i Terapii Zygzak\",\"publisher\":{\"@id\":\"https:\/\/zygzakminsk.pl\/#organization\"},\"potentialAction\":[{\"@type\":\"SearchAction\",\"target\":{\"@type\":\"EntryPoint\",\"urlTemplate\":\"https:\/\/zygzakminsk.pl\/?s={search_term_string}\"},\"query-input\":\"required name=search_term_string\"}],\"inLanguage\":\"pl-PL\"},{\"@type\":\"Organization\",\"@id\":\"https:\/\/zygzakminsk.pl\/#organization\",\"name\":\"Centrum Diagnozy i Terapii Zygzak\",\"alternateName\":\"Centrum Terapii Dzieci\u0119cej Zygzak\",\"url\":\"https:\/\/zygzakminsk.pl\/\",\"logo\":{\"@type\":\"ImageObject\",\"inLanguage\":\"pl-PL\",\"@id\":\"https:\/\/zygzakminsk.pl\/#\/schema\/logo\/image\/\",\"url\":\"https:\/\/zygzakminsk.pl\/wp-content\/uploads\/2023\/02\/cropped-IMG-20221108-WA0000.jpg\",\"contentUrl\":\"https:\/\/zygzakminsk.pl\/wp-content\/uploads\/2023\/02\/cropped-IMG-20221108-WA0000.jpg\",\"width\":512,\"height\":512,\"caption\":\"Centrum Diagnozy i Terapii Zygzak\"},\"image\":{\"@id\":\"https:\/\/zygzakminsk.pl\/#\/schema\/logo\/image\/\"},\"sameAs\":[\"https:\/\/www.facebook.com\/CTDZygzak\"]}]}<\/script>\n<!-- \/ Yoast SEO plugin. -->","yoast_head_json":{"title":"Centrum Diagnozy i Terapii Zygzak - www.zygzakminsk.pl","description":"Centrum Diagnozy i Terapii Zygzak Mi\u0144sk Mazowiecki, Beata Wasilewicz","robots":{"index":"index","follow":"follow","max-snippet":"max-snippet:-1","max-image-preview":"max-image-preview:large","max-video-preview":"max-video-preview:-1"},"canonical":"https:\/\/zygzakminsk.pl\/","og_locale":"pl_PL","og_type":"article","og_title":"Centrum Diagnozy i Terapii Zygzak - www.zygzakminsk.pl","og_description":"Centrum Diagnozy i Terapii Zygzak Mi\u0144sk Mazowiecki, Beata Wasilewicz","og_url":"https:\/\/zygzakminsk.pl\/","og_site_name":"www.zygzakminsk.pl","article_publisher":"https:\/\/www.facebook.com\/CTDZygzak","article_modified_time":"2025-12-25T19:47:43+00:00","og_image":[{"url":"https:\/\/zygzakminsk.pl\/wp-content\/uploads\/2025\/12\/600341042_3738833159584697_4159172027579824740_n-150x150.jpg"}],"twitter_card":"summary_large_image","twitter_misc":{"Szacowany czas czytania":"6 minut"},"schema":{"@context":"https:\/\/schema.org","@graph":[{"@type":"WebPage","@id":"https:\/\/zygzakminsk.pl\/","url":"https:\/\/zygzakminsk.pl\/","name":"Centrum Diagnozy i Terapii Zygzak - www.zygzakminsk.pl","isPartOf":{"@id":"https:\/\/zygzakminsk.pl\/#website"},"primaryImageOfPage":{"@id":"https:\/\/zygzakminsk.pl\/#primaryimage"},"image":{"@id":"https:\/\/zygzakminsk.pl\/#primaryimage"},"thumbnailUrl":"https:\/\/zygzakminsk.pl\/wp-content\/uploads\/2025\/12\/600341042_3738833159584697_4159172027579824740_n-150x150.jpg","datePublished":"2023-02-11T18:04:49+00:00","dateModified":"2025-12-25T19:47:43+00:00","description":"Centrum Diagnozy i Terapii Zygzak Mi\u0144sk Mazowiecki, Beata Wasilewicz","breadcrumb":{"@id":"https:\/\/zygzakminsk.pl\/#breadcrumb"},"inLanguage":"pl-PL","potentialAction":[{"@type":"ReadAction","target":["https:\/\/zygzakminsk.pl\/"]}]},{"@type":"ImageObject","inLanguage":"pl-PL","@id":"https:\/\/zygzakminsk.pl\/#primaryimage","url":"https:\/\/zygzakminsk.pl\/wp-content\/uploads\/2025\/12\/600341042_3738833159584697_4159172027579824740_n.jpg","contentUrl":"https:\/\/zygzakminsk.pl\/wp-content\/uploads\/2025\/12\/600341042_3738833159584697_4159172027579824740_n.jpg","width":975,"height":1320},{"@type":"BreadcrumbList","@id":"https:\/\/zygzakminsk.pl\/#breadcrumb","itemListElement":[{"@type":"ListItem","position":1,"name":"Strona g\u0142\u00f3wna","item":"https:\/\/zygzakminsk.pl\/"},{"@type":"ListItem","position":2,"name":"Centrum Diagnozy i Terapii Zygzak"}]},{"@type":"WebSite","@id":"https:\/\/zygzakminsk.pl\/#website","url":"https:\/\/zygzakminsk.pl\/","name":"www.zygzakminsk.pl","description":"Centrum Diagnozy i Terapii Zygzak","publisher":{"@id":"https:\/\/zygzakminsk.pl\/#organization"},"potentialAction":[{"@type":"SearchAction","target":{"@type":"EntryPoint","urlTemplate":"https:\/\/zygzakminsk.pl\/?s={search_term_string}"},"query-input":"required name=search_term_string"}],"inLanguage":"pl-PL"},{"@type":"Organization","@id":"https:\/\/zygzakminsk.pl\/#organization","name":"Centrum Diagnozy i Terapii Zygzak","alternateName":"Centrum Terapii Dzieci\u0119cej Zygzak","url":"https:\/\/zygzakminsk.pl\/","logo":{"@type":"ImageObject","inLanguage":"pl-PL","@id":"https:\/\/zygzakminsk.pl\/#\/schema\/logo\/image\/","url":"https:\/\/zygzakminsk.pl\/wp-content\/uploads\/2023\/02\/cropped-IMG-20221108-WA0000.jpg","contentUrl":"https:\/\/zygzakminsk.pl\/wp-content\/uploads\/2023\/02\/cropped-IMG-20221108-WA0000.jpg","width":512,"height":512,"caption":"Centrum Diagnozy i Terapii Zygzak"},"image":{"@id":"https:\/\/zygzakminsk.pl\/#\/schema\/logo\/image\/"},"sameAs":["https:\/\/www.facebook.com\/CTDZygzak"]}]}},"_links":{"self":[{"href":"https:\/\/zygzakminsk.pl\/index.php?rest_route=\/wp\/v2\/pages\/65","targetHints":{"allow":["GET"]}}],"collection":[{"href":"https:\/\/zygzakminsk.pl\/index.php?rest_route=\/wp\/v2\/pages"}],"about":[{"href":"https:\/\/zygzakminsk.pl\/index.php?rest_route=\/wp\/v2\/types\/page"}],"author":[{"embeddable":true,"href":"https:\/\/zygzakminsk.pl\/index.php?rest_route=\/wp\/v2\/users\/1"}],"replies":[{"embeddable":true,"href":"https:\/\/zygzakminsk.pl\/index.php?rest_route=%2Fwp%2Fv2%2Fcomments&post=65"}],"version-history":[{"count":17,"href":"https:\/\/zygzakminsk.pl\/index.php?rest_route=\/wp\/v2\/pages\/65\/revisions"}],"predecessor-version":[{"id":165,"href":"https:\/\/zygzakminsk.pl\/index.php?rest_route=\/wp\/v2\/pages\/65\/revisions\/165"}],"wp:attachment":[{"href":"https:\/\/zygzakminsk.pl\/index.php?rest_route=%2Fwp%2Fv2%2Fmedia&parent=65"}],"curies":[{"name":"wp","href":"https:\/\/api.w.org\/{rel}","templated":true}]}}